t is -115 - -113 - (0 - (-2 + 3))?
-1
What is the value of (3 + 8 + -3 + 0 - -7) + -6?
9
What is the value of 18 + (19 - 23) + -24 - (-28 + 0)?
18
What is (-2 - -8) + -8 + (-3 - -1) - 2?
-6
Evaluate 12 + -22 + -2 + (-8 - -8) + -5.
-17
Calculate 21 + -25 + -1 + 1 + 3.
-1
What is the value of -12 + 9 - -11 - (0 - (-3 + 0))?
5
What is (0 - 9) + 21 + (-41 - -21) + 30?
22
Evaluate (3 + 2 + -2 - (7 + 0)) + 24.
20
Evaluate -5 - (2 + -8 - 3) - (-1 + -4).
9
Evaluate 22 - 38 - (-39 - 1) - (0 + 8).
16
What is the value of (20 + -47 - -4) + 53?
30
What is 1 + (10 - 19) + 14?
6
Evaluate (-34 - (-2 - 10)) + 12.
-10
What is 10 - (-17 + 18 - (5 - 1))?
13
What is 3 - ((-9 - -18) + -6)?
0
-4 + (-28 - -17) + 3 + 2 + 7
-3
Calculate -5 + 7 - -9 - (0 + 4).
7
Evaluate -13 + -1 + 28 + -238 + 232.
8
Evaluate 7 + -3 + -2 + (18 - 7).
13
(-33 - -32) + 3 + 2
4
Evaluate 2 + -6 + 10 + -4.
2
What is the value of -18 + 5 + -9 + -8 + 15?
-15
Calculate 16 + -40 + 3 + 7 - -37.
23
Calculate 4 - (-7 - -2) - (-3 + 1 + -5).
16
Evaluate -7 + 1 - -7 - (9 + -3) - -6.
1
-43 + -45 + 74 + -1 + 13
-2
Evaluate -5 - (16 - 29) - (15 + -1).
-6
-6 + 20 + (0 + 5 - 9)
10
Calculate -7 + -9 + 26 - (4 + 7).
-1
(19 + -22 - (-4 - -2)) + 8
7
Calculate 1 + (-8 + (6 - -11) - 6) + -8.
-4
-3 - 1 - (-11 - -2 - 1 - -5)
1
Evaluate -2 + 1 + -6 + 55 + -49 + 3.
2
Evaluate 1 + 1 + (-4 - -6) - (9 - 11).
6
What is the value of -21 - -12 - (1 + 2 - (0 - 2))?
-14
What is the value of 12 - (-2 - 7 - -13) - 15 - -8?
1
-7 - ((5 - 11) + -3 - 0) - 12
-10
What is the value of (-25 - -23) + -10 - (-3 + 0 + 1)?
-10
Evaluate (33 - (82 - -8)) + 27.
-30
What is (1 + -3 - 11) + (-15 - -9 - -12)?
-7
-47 - (-16 - (10 + -15)) - 0
-36
Evaluate -13 + (-7 - (-14 + 3)).
-9
Calculate -3 + -11 + 1 - -7.
-6
Evaluate -5 + 5 + -3 - (74 - 61).
-16
What is the value of -2 + (43 - -2) - (34 - (15 - -8))?
32
What is 1463 + -1469 + 21 + 0?
15
Evaluate -10 - -1 - (-3 - (-17 + 12) - -5).
-16
What is -35 - (-24 - -12) - -14?
-9
What is the value of 21 - ((15 - (25 - 6)) + (-9 - -4))?
30
What is 26 + (-34 - -5) - (4 + 9)?
-16
What is -4 - -3 - -2 - (8 - 3 - 3)?
-1
-5 + (-4 - (-1 - 8)) + -1 + 11
10
Evaluate (0 - -9) + (-11 - -7) + -2.
3
What is (-2 - (12 - 12)) + 0 + 5 - 8?
-5
Calculate 14 + (-16 - 12) - -32.
18
Calculate -9 + 0 + -20 + 54 + -21.
4
What is (6 - 3) + (-5 - (4 - 13))?
7
Calculate (-1 - 8) + -360 + 392.
23
(20 - 43) + -4 + 37
10
Evaluate -35 - (-20 + 46 + -24).
-37
What is (-12 - -2) + 33 + 17 + (15 - 18)?
37
What is (-5 - 0) + (4 - -8) + -5 - 13?
-11
-169 - -197 - (-1 + 12) - 46
-29
Evaluate 4 + (2 - -2) + (-9 - -3) + 0.
2
What is the value of (48 - 31 - -9) + -21?
5
What is (12 - (-18 - -23) - 3) + -24?
-20
Calculate -22 + -13 + 15 + 17.
-3
What is the value of (6 - 4) + 87 + -101?
-12
(-43 - -54) + (3 - 3 - (2 - 3))
12
What is the value of -1 - (-12 + 2) - 27 - -4?
-14
(-7 + 4 + -8 - -4) + -10
-17
(0 - 11) + 1 + -21 + 16 + 12
-3
Calculate 28 + (-7 - 3) + -9.
9
What is the value of (3 - -15) + -29 + -22?
-33
What is the value of (-8 - 2) + 15 + -21?
-16
What is (2 + -6 - -7) + 2 + 13 + -5?
13
Calculate 11 - (4 + (-6 - -1) + 2 + -1).
11
What is -14 + 7 + (1 - 3) + 2 + 21?
14
1 + -4 - (-1 + -9) - -2
9
What is the value of -50 + (11 - 13 - (-8 + -1)) + 11?
-32
77 - 96 - (-43 - -5)
19
What is -8 + -13 + -24 + 25?
-20
Evaluate -16 + 5 + (78 - 43).
24
What is the value of 16 - (-9 - -20 - 4) - -3?
12
Evaluate 66 + -69 + 4 + -3 + 1.
-1
105 + -84 + (-5 - (3 + -3) - -4)
20
Calculate (-2 - (12 + -9 + 7)) + (-15 - -6).
-21
Evaluate -8 - -6 - -1 - (-1 - (2 - 2)).
0
What is 15 + (-2 - (10 + -7))?
10
What is 27 + (22 + -70 - -21)?
0
Calculate -7 - (2 + -3) - (11 + -5 - 17).
5
Evaluate -1 - (0 + 2 - -6) - (-4 + -2).
-3
What is the value of (6 - 36) + -7 + 31?
-6
What is the value of 2 + -9 + 15 + (-9 - 10)?
-11
Evaluate (-3 - -13) + (-10 - (-9 - -12)).
-3
Calculate (-1 + -2 - (67 + -62) - -3) + 25.
20
29 + -57 + (-5 - -7 - -10)
-16
What is the value of 14 + (7 - (-12 + 21))?
12
Calculate -8 - -1 - 0 - (24 - 32).
1
Evaluate 2 + -3 - 18 - (9 + (-11 - 3)).
-14
10 + -27 + 14 - 3
-6
8 - ((-13 - -4) + 20 + -13)
10
What is the value of 12 - (12 - (20 + -11))?
9
Evaluate -9 + 17 + -2 - (13 - 5).
-2
Evaluate 36 - (-12 - -41) - (7 + 1).
-1
Evaluate -1 - -32 - 2 - (-394 - -402).
21
Evaluate (-11 - (5 + (-5 + 2 - 5))) + 22.
14
What is (39 - 19) + -26 + (0 - 3)?
-9
What is 1 + -6 + -15 + 29 + -22?
-13
What is 10 + -13 - ((-2 - 3) + 14)?
-12
What is the value of (3 - 4) + (11 - 5 - 15)?
-10
What is -40 - (5 - (19 - -22))?
-4
Calculate -4 + (14 + -9 - 0) + 1.
2
Calculate (-14 - -2 - 1) + (-61 - -73).
-1
What is -7 + (-14 - -3 - (33 - 42))?
-9
Calculate 4 + (18 - 11) + -8 + (-5 - -2).
0
Calculate -9 + (1 - -9) - (1 - -1).
-1
Evaluate -16 + -2 + 0 + 7.
-11
Calculate 26 - (9 - -3 - -20).
-6
What is the value of 0 + -14 + (-18 - -19)?
-13
-19 + -5 - -11 - -25
12
What is (1 - -41) + (-64 - -34)?
12
Calculate -5 + (0 - -12 - (-28 - -56)).
-21
(6 - -27) + -1 + -3
29
0 + 17 - ((30 - -2) + -15)
0
What is the value of 77 - 73 - (2 + 9 - -1)?
-8
Evaluate -14 - (-5 + -6) - (-5 - -9 - 25).
18
(3 - (0 + 4)) + -15 + 16 + -4
-4
What is 33 + -60 + 24 + -29?
-32
Calculate -11 + 22 - (33 + -8 + 5).
-19
What is the value of -9 + 8 - (-1 + (-6 - -5))?
1
Evaluate -16 - ((0 - (2 + -3)) + (153 - 159)).
-11
What is -2 + 4 - (-8 - (-21 + 8)) - 1?
-4
Evaluate (-7694 - -7671) + (-1 + 2 - (-10 - -1)).
-13
What is the value of 136 + -167 - (-10 + 3)?
-24
Evaluate (-1 - -7) + -4 - -2 - (12 + 1).
-9
Evaluate -12 + (-20 - -48) + -15.
1
What is the value of 4 - (-34 - -10 - -24)?
4
Calculate 6 + -19 + -22 + 14 + 30.
9
What is -36 - (-66 + 31 - -24)?
-25
Evaluate -8 + (4 - 3 - 5) + 11 - -21.
20
What is the value of -2 + 1 + (5 - (-22 - -37))?
-11
What is -21 + 17 + 9 + -2 - 1?
2
What is (-4 - 0) + (-2 - 0 - -4 - 0)?
-2
What is the value of (-16 - (22 - 22)) + (-6 - -13)?
-9
10 - -1 - (-12 + 20 - (-3 - -14))
14
Evaluate (8 - (3 + 3)) + (-4 - -5).
3
What is 1 + 46 + (344 - 357)?
34
What is (20 - -1 - 2) + (-81 - -75) + 0?
13
Evaluate 10 + (31 - (-7 - -40)).
8
What is 1 - 45 - (783 - 791)?
-36
Calculate -9 - ((-18 - 18 - -15) + (-11 - -2)).
21
Calculate 21 + -19 - 0 - 2.
0
What is the value of (-13 - -5 - -16) + -9?
-1
What is the value of 6 - ((155 - 166) + (40 - -1))?
-24
What is the value of -3 - (1 + 8 + -35 + -16)?
39
22 - (-14 - -26) - 9 - -13
14
What is the value of -22 - (-6 - 7) - 6?
-15
-6 + (28 - 17) - (-11 + 6)
10
Evaluate (-13 - (8 + -18 - -5)) + 21.
13
What is -6 + -10 + (14 - 12)?
-14
What is the value of 83 + -88 - (0 - 19)?
14
Evaluate 32 - (-27 + -5 + 88).
-24
Calculate (-10 - -17) + -31 + 1 + 1.
-22
What is (-4 - (-7 + 1)) + 22 + -18?
6
What is 236 - 217 - (-3 - -56)?
-34
-21 - -11 - 6 - -4
-12
Calculate (9 - -20) + -81 + 23.
-29
-6 + (-3 - 0) + (12 - -8) - 2
9
Evaluate 0 + -17 - (118 + -116).
-19
What is the value of -7 + 2 + 2 - (39 - 17 - 17)?
-8
-9 + (16 - 11) - 1
-5
-6 + (-18 - (-59 + 4)) + 0
31
Calculate (-2 - 2) + 12 + -13 + 12.
7
(-5 - (-9 - -9) - -10) + -12
-7
What is 22 - (9 + (8 + -3 + -3 - 5))?
16
What is the value of -590 + 571 + (22 - -3)?
6
What is the value of (0 - 10) + ((-6 - -19) + -16 - -10)?
-3
What is 23 + (-17 + -6 - -21)?
21
(3 - (0 + 8) - -4) + (2 - 0)
1
1 - (-8 + -2 - (42 - 37))
16
-55 + 37 + (10 - 2 - 5)
-15
What is the value of (1 - 32) + (25 - (-19 - -36))?
-23
What is the value of -18 + (17 - 33 - -25)?
-9
What is the value of 1 - -9 - (-4 + 10) - -1?
5
Evaluate -6 - ((-12 + 3 - 1) + -11 + 3).
12
Calculate 2 + (3 - 4 - (2 - 5)) - 0.
4
What is the value of 1 + -18 - (-235 + 216)?
2
What is the value of 73 + 2 + -40 + -14?
21
Evaluate 13 - (4 + -14 - -29).
-6
-3 + (12 - (30 - 30))
9
Calculate (-64 - -65) + 4 + -1.
4
Calculate (42 - 36) + -8 + -3 + 2 - -14.
11
What is the value of (15 - (-13 + 22)) + -12?
-6
Calculate (-101 - -107) + (1 - -3).
10
(-9 - -2) + (-154 - -162)
1
What is -7 - (3 + (-4 + 11 - (5 + 2)))?
-10
What is the value of 663 - 660 - (8 + 1)?
-6
Evaluate 68 + -70 + -8 + 0.
-10
What is (-5 - 0) + 0 + 12 + -9?
-2
What is (-2 - 0) + 14 + 11 + -19 + 1?
5
-1 + 8 - (2 - (0 - (-1 - -1)))
5
What is -15 + -12 + (2 - -21)?
-4
Calculate 4 - (3 + 2) - (-4 + 6 + 4).
-7
-2 + (-1 - (0 + -12)) + (783 - 810)
-18
What is the value of -1 + 1 - (4 - (-10 